{"id":124,"date":"2020-01-23T22:20:30","date_gmt":"2020-01-23T22:20:30","guid":{"rendered":"http:\/\/stiftung-urmensch-mauer.de\/?page_id=124"},"modified":"2020-01-26T08:04:59","modified_gmt":"2020-01-26T08:04:59","slug":"schaedeluebergabe","status":"publish","type":"page","link":"https:\/\/stiftung-urmensch-mauer.de\/?page_id=124","title":{"rendered":"Sch\u00e4del\u00fcbergabe"},"content":{"rendered":"\n<p><strong>\u00dcber\n80 Sch\u00e4del f\u00fcr die Stiftung Urmensch von Mauer<\/strong><\/p>\n\n\n\n<p>Am Samstag, den 2. November 2019 wurde die <strong>Sch\u00e4delsammlung Dietrich Wegner<\/strong> in einem Festakt im Rathaus der Stiftung Urmensch von Mauer \u00fcbergeben. Eingeladen waren Gesch\u00e4ftsleute, Politiker, Stiftungen und die B\u00fcrger von Mauer.<\/p>\n\n\n\n<p>\u00dcber 80 Kopien und Originale urmenschlicher und rezenter Sch\u00e4del hat Dietrich Wegner aus seiner Sammlung an die Stiftung \u00fcbergeben. Die meisten Kopien sind von hervorragender Qualit\u00e4t. Seit \u00fcber 50 Jahren hat Wegner sich mit der Evolution des Menschen besch\u00e4ftigt und reiste zu vielen Originalfundorten. Er war Mitarbeiter in verschiedenen Museen und fand im Museum f\u00fcr Ur- und Fr\u00fchgeschichte in Berlin den nach dem Krieg als verschollen geglaubten Original-Sch\u00e4del des Menschen von Combe Capelle wieder. Dietrich Wegner ist Gr\u00fcndungsmitglied des Vereins <em><strong>Homo heidelbergensis<\/strong><\/em><strong> von Mauer e.V.<\/strong> und seit langem Ehrenmitglied. Zum Festakt hat Wegner Geschichten rund um und \u00fcber die ausgestellten Sch\u00e4del erz\u00e4hlt. Die Sch\u00e4delsammlung soll Grundstock f\u00fcr die Ausstellungen und die wissenschaftlichen Sammlung des zuk\u00fcnftigen Museums werden.<\/p>\n\n\n\n<p><\/p>\n\n\n\n<ul class=\"wp-block-gallery columns-1 is-cropped wp-block-gallery-1 is-layout-flex wp-block-gallery-is-layout-flex\"><li class=\"blocks-gallery-item\"><figure><img loading=\"lazy\" decoding=\"async\" width=\"1024\" height=\"683\" src=\"https:\/\/stiftung-urmensch-mauer.de\/wp-content\/uploads\/2020\/01\/DSC_6998_b-1-1024x683.jpg\" alt=\"\" data-id=\"166\" data-link=\"https:\/\/stiftung-urmensch-mauer.de\/?attachment_id=166#main\" class=\"wp-image-166\" srcset=\"https:\/\/stiftung-urmensch-mauer.de\/wp-content\/uploads\/2020\/01\/DSC_6998_b-1-1024x683.jpg 1024w, https:\/\/stiftung-urmensch-mauer.de\/wp-content\/uploads\/2020\/01\/DSC_6998_b-1-300x200.jpg 300w, https:\/\/stiftung-urmensch-mauer.de\/wp-content\/uploads\/2020\/01\/DSC_6998_b-1-768x512.jpg 768w\" sizes=\"auto, (max-width: 1024px) 100vw, 1024px\" \/><\/figure><\/li><\/ul>\n\n\n\n<ul class=\"wp-block-gallery columns-0 is-cropped wp-block-gallery-2 is-layout-flex wp-block-gallery-is-layout-flex\"><li class=\"blocks-gallery-item\"><figure><img loading=\"lazy\" decoding=\"async\" width=\"683\" height=\"1024\" src=\"https:\/\/stiftung-urmensch-mauer.de\/wp-content\/uploads\/2020\/01\/DSC_7006_b-1-683x1024.jpg\" alt=\"\" data-id=\"163\" data-link=\"https:\/\/stiftung-urmensch-mauer.de\/?attachment_id=163#main\" class=\"wp-image-163\" srcset=\"https:\/\/stiftung-urmensch-mauer.de\/wp-content\/uploads\/2020\/01\/DSC_7006_b-1-683x1024.jpg 683w, https:\/\/stiftung-urmensch-mauer.de\/wp-content\/uploads\/2020\/01\/DSC_7006_b-1-200x300.jpg 200w, https:\/\/stiftung-urmensch-mauer.de\/wp-content\/uploads\/2020\/01\/DSC_7006_b-1-768x1152.jpg 768w, https:\/\/stiftung-urmensch-mauer.de\/wp-content\/uploads\/2020\/01\/DSC_7006_b-1.jpg 2000w\" sizes=\"auto, (max-width: 683px) 100vw, 683px\" \/><\/figure><\/li><li class=\"blocks-gallery-item\"><figure><img loading=\"lazy\" decoding=\"async\" width=\"683\" height=\"1024\" src=\"https:\/\/stiftung-urmensch-mauer.de\/wp-content\/uploads\/2020\/01\/DSC_7010_b-1-683x1024.jpg\" alt=\"\" data-id=\"164\" data-link=\"https:\/\/stiftung-urmensch-mauer.de\/?attachment_id=164#main\" class=\"wp-image-164\" srcset=\"https:\/\/stiftung-urmensch-mauer.de\/wp-content\/uploads\/2020\/01\/DSC_7010_b-1-683x1024.jpg 683w, https:\/\/stiftung-urmensch-mauer.de\/wp-content\/uploads\/2020\/01\/DSC_7010_b-1-200x300.jpg 200w, https:\/\/stiftung-urmensch-mauer.de\/wp-content\/uploads\/2020\/01\/DSC_7010_b-1-768x1152.jpg 768w, https:\/\/stiftung-urmensch-mauer.de\/wp-content\/uploads\/2020\/01\/DSC_7010_b-1.jpg 2000w\" sizes=\"auto, (max-width: 683px) 100vw, 683px\" \/><\/figure><\/li><li class=\"blocks-gallery-item\"><figure><img loading=\"lazy\" decoding=\"async\" width=\"1024\" height=\"450\" src=\"https:\/\/stiftung-urmensch-mauer.de\/wp-content\/uploads\/2020\/01\/DSC00474_DSC00479-6-images_b-1-1024x450.jpg\" alt=\"\" data-id=\"165\" data-link=\"https:\/\/stiftung-urmensch-mauer.de\/?attachment_id=165#main\" class=\"wp-image-165\" srcset=\"https:\/\/stiftung-urmensch-mauer.de\/wp-content\/uploads\/2020\/01\/DSC00474_DSC00479-6-images_b-1-1024x450.jpg 1024w, https:\/\/stiftung-urmensch-mauer.de\/wp-content\/uploads\/2020\/01\/DSC00474_DSC00479-6-images_b-1-300x132.jpg 300w, https:\/\/stiftung-urmensch-mauer.de\/wp-content\/uploads\/2020\/01\/DSC00474_DSC00479-6-images_b-1-768x337.jpg 768w\" sizes=\"auto, (max-width: 1024px) 100vw, 1024px\" \/><\/figure><\/li><\/ul>\n\n\n\n<ul class=\"wp-block-gallery columns-3 is-cropped wp-block-gallery-3 is-layout-flex wp-block-gallery-is-layout-flex\"><li class=\"blocks-gallery-item\"><figure><img loading=\"lazy\" decoding=\"async\" width=\"1024\" height=\"1024\" src=\"https:\/\/stiftung-urmensch-mauer.de\/wp-content\/uploads\/2020\/01\/DSC_6402_b-1024x1024.jpg\" alt=\"\" data-id=\"142\" data-link=\"https:\/\/stiftung-urmensch-mauer.de\/?attachment_id=142#main\" class=\"wp-image-142\" srcset=\"https:\/\/stiftung-urmensch-mauer.de\/wp-content\/uploads\/2020\/01\/DSC_6402_b-1024x1024.jpg 1024w, https:\/\/stiftung-urmensch-mauer.de\/wp-content\/uploads\/2020\/01\/DSC_6402_b-150x150.jpg 150w, https:\/\/stiftung-urmensch-mauer.de\/wp-content\/uploads\/2020\/01\/DSC_6402_b-300x300.jpg 300w, https:\/\/stiftung-urmensch-mauer.de\/wp-content\/uploads\/2020\/01\/DSC_6402_b-768x768.jpg 768w, https:\/\/stiftung-urmensch-mauer.de\/wp-content\/uploads\/2020\/01\/DSC_6402_b.jpg 1049w\" sizes=\"auto, (max-width: 1024px) 100vw, 1024px\" \/><\/figure><\/li><li class=\"blocks-gallery-item\"><figure><img loading=\"lazy\" decoding=\"async\" width=\"1024\" height=\"1024\" src=\"https:\/\/stiftung-urmensch-mauer.de\/wp-content\/uploads\/2020\/01\/DSC_6409_b-1024x1024.jpg\" alt=\"\" data-id=\"143\" data-link=\"https:\/\/stiftung-urmensch-mauer.de\/?attachment_id=143#main\" class=\"wp-image-143\" srcset=\"https:\/\/stiftung-urmensch-mauer.de\/wp-content\/uploads\/2020\/01\/DSC_6409_b-1024x1024.jpg 1024w, https:\/\/stiftung-urmensch-mauer.de\/wp-content\/uploads\/2020\/01\/DSC_6409_b-150x150.jpg 150w, https:\/\/stiftung-urmensch-mauer.de\/wp-content\/uploads\/2020\/01\/DSC_6409_b-300x300.jpg 300w, https:\/\/stiftung-urmensch-mauer.de\/wp-content\/uploads\/2020\/01\/DSC_6409_b-768x768.jpg 768w, https:\/\/stiftung-urmensch-mauer.de\/wp-content\/uploads\/2020\/01\/DSC_6409_b.jpg 1260w\" sizes=\"auto, (max-width: 1024px) 100vw, 1024px\" \/><\/figure><\/li><li class=\"blocks-gallery-item\"><figure><img loading=\"lazy\" decoding=\"async\" width=\"1024\" height=\"1024\" src=\"https:\/\/stiftung-urmensch-mauer.de\/wp-content\/uploads\/2020\/01\/DSC_6412_b-1024x1024.jpg\" alt=\"\" data-id=\"144\" data-link=\"https:\/\/stiftung-urmensch-mauer.de\/?attachment_id=144#main\" class=\"wp-image-144\" srcset=\"https:\/\/stiftung-urmensch-mauer.de\/wp-content\/uploads\/2020\/01\/DSC_6412_b-1024x1024.jpg 1024w, https:\/\/stiftung-urmensch-mauer.de\/wp-content\/uploads\/2020\/01\/DSC_6412_b-150x150.jpg 150w, https:\/\/stiftung-urmensch-mauer.de\/wp-content\/uploads\/2020\/01\/DSC_6412_b-300x300.jpg 300w, https:\/\/stiftung-urmensch-mauer.de\/wp-content\/uploads\/2020\/01\/DSC_6412_b-768x768.jpg 768w, https:\/\/stiftung-urmensch-mauer.de\/wp-content\/uploads\/2020\/01\/DSC_6412_b.jpg 1081w\" sizes=\"auto, (max-width: 1024px) 100vw, 1024px\" \/><\/figure><\/li><li class=\"blocks-gallery-item\"><figure><img loading=\"lazy\" decoding=\"async\" width=\"1024\" height=\"1024\" src=\"https:\/\/stiftung-urmensch-mauer.de\/wp-content\/uploads\/2020\/01\/DSC_6435_b-1024x1024.jpg\" alt=\"\" data-id=\"145\" data-link=\"https:\/\/stiftung-urmensch-mauer.de\/?attachment_id=145#main\" class=\"wp-image-145\" srcset=\"https:\/\/stiftung-urmensch-mauer.de\/wp-content\/uploads\/2020\/01\/DSC_6435_b-1024x1024.jpg 1024w, https:\/\/stiftung-urmensch-mauer.de\/wp-content\/uploads\/2020\/01\/DSC_6435_b-150x150.jpg 150w, https:\/\/stiftung-urmensch-mauer.de\/wp-content\/uploads\/2020\/01\/DSC_6435_b-300x300.jpg 300w, https:\/\/stiftung-urmensch-mauer.de\/wp-content\/uploads\/2020\/01\/DSC_6435_b-768x768.jpg 768w, https:\/\/stiftung-urmensch-mauer.de\/wp-content\/uploads\/2020\/01\/DSC_6435_b.jpg 1287w\" sizes=\"auto, (max-width: 1024px) 100vw, 1024px\" \/><\/figure><\/li><li class=\"blocks-gallery-item\"><figure><img loading=\"lazy\" decoding=\"async\" width=\"1024\" height=\"1024\" src=\"https:\/\/stiftung-urmensch-mauer.de\/wp-content\/uploads\/2020\/01\/DSC_6447_b-1024x1024.jpg\" alt=\"\" data-id=\"146\" data-link=\"https:\/\/stiftung-urmensch-mauer.de\/?attachment_id=146#main\" class=\"wp-image-146\" srcset=\"https:\/\/stiftung-urmensch-mauer.de\/wp-content\/uploads\/2020\/01\/DSC_6447_b-1024x1024.jpg 1024w, https:\/\/stiftung-urmensch-mauer.de\/wp-content\/uploads\/2020\/01\/DSC_6447_b-150x150.jpg 150w, https:\/\/stiftung-urmensch-mauer.de\/wp-content\/uploads\/2020\/01\/DSC_6447_b-300x300.jpg 300w, https:\/\/stiftung-urmensch-mauer.de\/wp-content\/uploads\/2020\/01\/DSC_6447_b-768x768.jpg 768w, https:\/\/stiftung-urmensch-mauer.de\/wp-content\/uploads\/2020\/01\/DSC_6447_b.jpg 1287w\" sizes=\"auto, (max-width: 1024px) 100vw, 1024px\" \/><\/figure><\/li><li class=\"blocks-gallery-item\"><figure><img loading=\"lazy\" decoding=\"async\" width=\"1024\" height=\"1024\" src=\"https:\/\/stiftung-urmensch-mauer.de\/wp-content\/uploads\/2020\/01\/DSC_6459_b-1024x1024.jpg\" alt=\"\" data-id=\"147\" data-link=\"https:\/\/stiftung-urmensch-mauer.de\/?attachment_id=147#main\" class=\"wp-image-147\" srcset=\"https:\/\/stiftung-urmensch-mauer.de\/wp-content\/uploads\/2020\/01\/DSC_6459_b-1024x1024.jpg 1024w, https:\/\/stiftung-urmensch-mauer.de\/wp-content\/uploads\/2020\/01\/DSC_6459_b-150x150.jpg 150w, https:\/\/stiftung-urmensch-mauer.de\/wp-content\/uploads\/2020\/01\/DSC_6459_b-300x300.jpg 300w, https:\/\/stiftung-urmensch-mauer.de\/wp-content\/uploads\/2020\/01\/DSC_6459_b-768x768.jpg 768w, https:\/\/stiftung-urmensch-mauer.de\/wp-content\/uploads\/2020\/01\/DSC_6459_b.jpg 1297w\" sizes=\"auto, (max-width: 1024px) 100vw, 1024px\" \/><\/figure><\/li><li class=\"blocks-gallery-item\"><figure><img loading=\"lazy\" decoding=\"async\" width=\"1024\" height=\"1024\" src=\"https:\/\/stiftung-urmensch-mauer.de\/wp-content\/uploads\/2020\/01\/DSC_6527_b-1024x1024.jpg\" alt=\"\" data-id=\"148\" data-link=\"https:\/\/stiftung-urmensch-mauer.de\/?attachment_id=148#main\" class=\"wp-image-148\" srcset=\"https:\/\/stiftung-urmensch-mauer.de\/wp-content\/uploads\/2020\/01\/DSC_6527_b-1024x1024.jpg 1024w, https:\/\/stiftung-urmensch-mauer.de\/wp-content\/uploads\/2020\/01\/DSC_6527_b-150x150.jpg 150w, https:\/\/stiftung-urmensch-mauer.de\/wp-content\/uploads\/2020\/01\/DSC_6527_b-300x300.jpg 300w, https:\/\/stiftung-urmensch-mauer.de\/wp-content\/uploads\/2020\/01\/DSC_6527_b-768x768.jpg 768w, https:\/\/stiftung-urmensch-mauer.de\/wp-content\/uploads\/2020\/01\/DSC_6527_b.jpg 1353w\" sizes=\"auto, (max-width: 1024px) 100vw, 1024px\" \/><\/figure><\/li><li class=\"blocks-gallery-item\"><figure><img loading=\"lazy\" decoding=\"async\" width=\"1024\" height=\"1024\" src=\"https:\/\/stiftung-urmensch-mauer.de\/wp-content\/uploads\/2020\/01\/DSC_6562_b-1024x1024.jpg\" alt=\"\" data-id=\"149\" data-link=\"https:\/\/stiftung-urmensch-mauer.de\/?attachment_id=149#main\" class=\"wp-image-149\" srcset=\"https:\/\/stiftung-urmensch-mauer.de\/wp-content\/uploads\/2020\/01\/DSC_6562_b-1024x1024.jpg 1024w, https:\/\/stiftung-urmensch-mauer.de\/wp-content\/uploads\/2020\/01\/DSC_6562_b-150x150.jpg 150w, https:\/\/stiftung-urmensch-mauer.de\/wp-content\/uploads\/2020\/01\/DSC_6562_b-300x300.jpg 300w, https:\/\/stiftung-urmensch-mauer.de\/wp-content\/uploads\/2020\/01\/DSC_6562_b-768x768.jpg 768w, https:\/\/stiftung-urmensch-mauer.de\/wp-content\/uploads\/2020\/01\/DSC_6562_b.jpg 1545w\" sizes=\"auto, (max-width: 1024px) 100vw, 1024px\" \/><\/figure><\/li><li class=\"blocks-gallery-item\"><figure><img loading=\"lazy\" decoding=\"async\" width=\"1024\" height=\"1024\" src=\"https:\/\/stiftung-urmensch-mauer.de\/wp-content\/uploads\/2020\/01\/DSC_6631_b-1024x1024.jpg\" alt=\"\" data-id=\"150\" data-link=\"https:\/\/stiftung-urmensch-mauer.de\/?attachment_id=150#main\" class=\"wp-image-150\" srcset=\"https:\/\/stiftung-urmensch-mauer.de\/wp-content\/uploads\/2020\/01\/DSC_6631_b-1024x1024.jpg 1024w, https:\/\/stiftung-urmensch-mauer.de\/wp-content\/uploads\/2020\/01\/DSC_6631_b-150x150.jpg 150w, https:\/\/stiftung-urmensch-mauer.de\/wp-content\/uploads\/2020\/01\/DSC_6631_b-300x300.jpg 300w, https:\/\/stiftung-urmensch-mauer.de\/wp-content\/uploads\/2020\/01\/DSC_6631_b-768x768.jpg 768w, https:\/\/stiftung-urmensch-mauer.de\/wp-content\/uploads\/2020\/01\/DSC_6631_b.jpg 1584w\" sizes=\"auto, (max-width: 1024px) 100vw, 1024px\" \/><\/figure><\/li><li class=\"blocks-gallery-item\"><figure><img loading=\"lazy\" decoding=\"async\" width=\"1024\" height=\"1024\" src=\"https:\/\/stiftung-urmensch-mauer.de\/wp-content\/uploads\/2020\/01\/DSC_6677_b-1024x1024.jpg\" alt=\"\" data-id=\"151\" data-link=\"https:\/\/stiftung-urmensch-mauer.de\/?attachment_id=151#main\" class=\"wp-image-151\" srcset=\"https:\/\/stiftung-urmensch-mauer.de\/wp-content\/uploads\/2020\/01\/DSC_6677_b-1024x1024.jpg 1024w, https:\/\/stiftung-urmensch-mauer.de\/wp-content\/uploads\/2020\/01\/DSC_6677_b-150x150.jpg 150w, https:\/\/stiftung-urmensch-mauer.de\/wp-content\/uploads\/2020\/01\/DSC_6677_b-300x300.jpg 300w, https:\/\/stiftung-urmensch-mauer.de\/wp-content\/uploads\/2020\/01\/DSC_6677_b-768x768.jpg 768w, https:\/\/stiftung-urmensch-mauer.de\/wp-content\/uploads\/2020\/01\/DSC_6677_b.jpg 1068w\" sizes=\"auto, (max-width: 1024px) 100vw, 1024px\" \/><\/figure><\/li><li class=\"blocks-gallery-item\"><figure><img loading=\"lazy\" decoding=\"async\" width=\"1024\" height=\"1024\" src=\"https:\/\/stiftung-urmensch-mauer.de\/wp-content\/uploads\/2020\/01\/DSC_6684_b-1024x1024.jpg\" alt=\"\" data-id=\"152\" data-link=\"https:\/\/stiftung-urmensch-mauer.de\/?attachment_id=152#main\" class=\"wp-image-152\" srcset=\"https:\/\/stiftung-urmensch-mauer.de\/wp-content\/uploads\/2020\/01\/DSC_6684_b-1024x1024.jpg 1024w, https:\/\/stiftung-urmensch-mauer.de\/wp-content\/uploads\/2020\/01\/DSC_6684_b-150x150.jpg 150w, https:\/\/stiftung-urmensch-mauer.de\/wp-content\/uploads\/2020\/01\/DSC_6684_b-300x300.jpg 300w, https:\/\/stiftung-urmensch-mauer.de\/wp-content\/uploads\/2020\/01\/DSC_6684_b-768x768.jpg 768w, https:\/\/stiftung-urmensch-mauer.de\/wp-content\/uploads\/2020\/01\/DSC_6684_b.jpg 1360w\" sizes=\"auto, (max-width: 1024px) 100vw, 1024px\" \/><\/figure><\/li><\/ul>\n","protected":false},"excerpt":{"rendered":"<p>\u00dcber 80 Sch\u00e4del f\u00fcr die Stiftung Urmensch von Mauer Am Samstag, den 2. November 2019 wurde die Sch\u00e4delsammlung Dietrich Wegner in einem Festakt im Rathaus der Stiftung Urmensch von Mauer \u00fcbergeben. Eingeladen waren Gesch\u00e4ftsleute, Politiker, Stiftungen und die B\u00fcrger von Mauer. \u00dcber 80 Kopien und Originale urmenschlicher und rezenter Sch\u00e4del hat Dietrich Wegner aus seiner &#8230; <a title=\"Sch\u00e4del\u00fcbergabe\" class=\"read-more\" href=\"https:\/\/stiftung-urmensch-mauer.de\/?page_id=124\" aria-label=\"Mehr Informationen \u00fcber Sch\u00e4del\u00fcbergabe\">Weiterlesen &#8230;<\/a><\/p>\n","protected":false},"author":2,"featured_media":0,"parent":0,"menu_order":0,"comment_status":"closed","ping_status":"closed","template":"","meta":{"footnotes":""},"class_list":["post-124","page","type-page","status-publish"],"_links":{"self":[{"href":"https:\/\/stiftung-urmensch-mauer.de\/index.php?rest_route=\/wp\/v2\/pages\/124","targetHints":{"allow":["GET"]}}],"collection":[{"href":"https:\/\/stiftung-urmensch-mauer.de\/index.php?rest_route=\/wp\/v2\/pages"}],"about":[{"href":"https:\/\/stiftung-urmensch-mauer.de\/index.php?rest_route=\/wp\/v2\/types\/page"}],"author":[{"embeddable":true,"href":"https:\/\/stiftung-urmensch-mauer.de\/index.php?rest_route=\/wp\/v2\/users\/2"}],"replies":[{"embeddable":true,"href":"https:\/\/stiftung-urmensch-mauer.de\/index.php?rest_route=%2Fwp%2Fv2%2Fcomments&post=124"}],"version-history":[{"count":6,"href":"https:\/\/stiftung-urmensch-mauer.de\/index.php?rest_route=\/wp\/v2\/pages\/124\/revisions"}],"predecessor-version":[{"id":167,"href":"https:\/\/stiftung-urmensch-mauer.de\/index.php?rest_route=\/wp\/v2\/pages\/124\/revisions\/167"}],"wp:attachment":[{"href":"https:\/\/stiftung-urmensch-mauer.de\/index.php?rest_route=%2Fwp%2Fv2%2Fmedia&parent=124"}],"curies":[{"name":"wp","href":"https:\/\/api.w.org\/{rel}","templated":true}]}}