{"id":54,"date":"2019-02-13T16:25:48","date_gmt":"2019-02-13T16:25:48","guid":{"rendered":"http:\/\/stiftung-urmensch-mauer.de\/?page_id=54"},"modified":"2023-03-23T20:00:58","modified_gmt":"2023-03-23T20:00:58","slug":"stifter","status":"publish","type":"page","link":"https:\/\/stiftung-urmensch-mauer.de\/?page_id=54","title":{"rendered":"Stifter"},"content":{"rendered":"\n<h3 class=\"wp-block-heading\"><strong>Dr. Cornelia Sussieck<\/strong><\/h3>\n\n\n\n<figure class=\"wp-block-image size-full is-resized\"><img loading=\"lazy\" decoding=\"async\" src=\"http:\/\/stiftung-urmensch-mauer.de\/wp-content\/uploads\/2023\/03\/221106_Vortragsveranstaltung_12-edited.jpg\" alt=\"\" class=\"wp-image-572\" width=\"300\" height=\"200\" srcset=\"https:\/\/stiftung-urmensch-mauer.de\/wp-content\/uploads\/2023\/03\/221106_Vortragsveranstaltung_12-edited.jpg 704w, https:\/\/stiftung-urmensch-mauer.de\/wp-content\/uploads\/2023\/03\/221106_Vortragsveranstaltung_12-edited-300x200.jpg 300w\" sizes=\"auto, (max-width: 300px) 100vw, 300px\" \/><\/figure>\n\n\n\n<p>Geboren in Hagen\/Westfalen, aufgewachsen in Bochum, studierte in Bochum und K\u00f6ln Mineralogie, Chemie und Geographie. 1980er Jahre Realschullehrerin in Bochum. 1988 Promotion in Heidelberg im Fach  Kristallographie. <br>Ver\u00f6ffentlichungen: Mehrere B\u00fccher zum Thema  Mineralien und Mineralienbestimmung, Artikel in Fachzeitschriften zu verschiedenen Mineralien. Von 1988 bis 2018 Inhaberin der privaten Nachhilfeschule Dr. C. Sussieck, Mitgr\u00fcnderin und zurzeit Vorsitzende des Bundesverbandes Nachhilfe- und Nachmittagsschulen e.V., Mitgr\u00fcnderin der G\u00fctegemeinschaft INA-Nachhilfschulen e.V.<\/p>\n\n\n\n<p>Erste Kontakte zum <em>Homo heidelbergensis<\/em> w\u00e4hrend der Jubil\u00e4umsausstellung in Mauer 2007. Mitglied im Verein <em>Homo heidelbergensis&nbsp;<\/em>e.V.<\/p>\n\n\n\n<h3 class=\"wp-block-heading\"><strong>Dietrich Wegner<\/strong><\/h3>\n\n\n\n<figure class=\"wp-block-image size-large is-resized\"><img loading=\"lazy\" decoding=\"async\" src=\"http:\/\/stiftung-urmensch-mauer.de\/wp-content\/uploads\/2022\/01\/DSC_7953_bb-758x1024.jpg\" alt=\"\" class=\"wp-image-366\" width=\"190\" height=\"256\" srcset=\"https:\/\/stiftung-urmensch-mauer.de\/wp-content\/uploads\/2022\/01\/DSC_7953_bb-758x1024.jpg 758w, https:\/\/stiftung-urmensch-mauer.de\/wp-content\/uploads\/2022\/01\/DSC_7953_bb-222x300.jpg 222w, https:\/\/stiftung-urmensch-mauer.de\/wp-content\/uploads\/2022\/01\/DSC_7953_bb-768x1038.jpg 768w, https:\/\/stiftung-urmensch-mauer.de\/wp-content\/uploads\/2022\/01\/DSC_7953_bb.jpg 853w\" sizes=\"auto, (max-width: 190px) 100vw, 190px\" \/><\/figure>\n\n\n\n<p>Geboren in Berlin, aufgewachsen in Ulm, studierte in Heidelberg  Biologie und Sport. Hier erste Kontakte zur Anthropologie. Lehrer am Geschwister-Scholl-Gymansium, Mannheim und am Adolf-Schmidthenner-Gymnasium in Neckarbischofsheim. Ober-Studienrat im Ruhstand.<\/p>\n\n\n\n<p>W\u00e4hrend des Studiums erste Besuche in der Sandgrube Mauer, dem Fundort des Unterkiefers. Damals war die Grube eine Hausm\u00fcllkippe. In den1970er Jahren Gr\u00fcnder und Vorsitzender des BUND n\u00f6rdlicher Kraichgau. Mitgr\u00fcnder, Ehrenmitglied und langj\u00e4hriges Vorstandsmitglied im Verein <em>Homoheidelbergensis<\/em> von Mauer e.V. 1970er Jahre ehrenamtlicher Mitarbeiter im Reismuseum, Mannheim und im Berliner Muserum f\u00fcr Fr\u00fch- und Vorgeschichte. Verschiedene Ver\u00f6ffentlichungen unter anderem im Journal of Human Evolution.<\/p>\n\n\n\n<p>Am Sonntag, den 9. Januar 2022 ist unser Mitgr\u00fcnder Dietrich Wegner von uns gegangen.<\/p>\n\n\n\n<div class=\"wp-block-group alignwide\"><div class=\"wp-block-group__inner-container is-layout-constrained wp-block-group-is-layout-constrained\"><\/div><\/div>\n","protected":false},"excerpt":{"rendered":"<p>Dr. Cornelia Sussieck Geboren in Hagen\/Westfalen, aufgewachsen in Bochum, studierte in Bochum und K\u00f6ln Mineralogie, Chemie und Geographie. 1980er Jahre Realschullehrerin in Bochum. 1988 Promotion in Heidelberg im Fach Kristallographie. Ver\u00f6ffentlichungen: Mehrere B\u00fccher zum Thema Mineralien und Mineralienbestimmung, Artikel in Fachzeitschriften zu verschiedenen Mineralien. Von 1988 bis 2018 Inhaberin der privaten Nachhilfeschule Dr. C. Sussieck, &#8230; <a title=\"Stifter\" class=\"read-more\" href=\"https:\/\/stiftung-urmensch-mauer.de\/?page_id=54\" aria-label=\"Mehr Informationen \u00fcber Stifter\">Weiterlesen &#8230;<\/a><\/p>\n","protected":false},"author":1,"featured_media":0,"parent":0,"menu_order":0,"comment_status":"closed","ping_status":"closed","template":"","meta":{"footnotes":""},"class_list":["post-54","page","type-page","status-publish"],"_links":{"self":[{"href":"https:\/\/stiftung-urmensch-mauer.de\/index.php?rest_route=\/wp\/v2\/pages\/54","targetHints":{"allow":["GET"]}}],"collection":[{"href":"https:\/\/stiftung-urmensch-mauer.de\/index.php?rest_route=\/wp\/v2\/pages"}],"about":[{"href":"https:\/\/stiftung-urmensch-mauer.de\/index.php?rest_route=\/wp\/v2\/types\/page"}],"author":[{"embeddable":true,"href":"https:\/\/stiftung-urmensch-mauer.de\/index.php?rest_route=\/wp\/v2\/users\/1"}],"replies":[{"embeddable":true,"href":"https:\/\/stiftung-urmensch-mauer.de\/index.php?rest_route=%2Fwp%2Fv2%2Fcomments&post=54"}],"version-history":[{"count":21,"href":"https:\/\/stiftung-urmensch-mauer.de\/index.php?rest_route=\/wp\/v2\/pages\/54\/revisions"}],"predecessor-version":[{"id":598,"href":"https:\/\/stiftung-urmensch-mauer.de\/index.php?rest_route=\/wp\/v2\/pages\/54\/revisions\/598"}],"wp:attachment":[{"href":"https:\/\/stiftung-urmensch-mauer.de\/index.php?rest_route=%2Fwp%2Fv2%2Fmedia&parent=54"}],"curies":[{"name":"wp","href":"https:\/\/api.w.org\/{rel}","templated":true}]}}