{"id":60,"date":"2019-02-13T16:28:53","date_gmt":"2019-02-13T16:28:53","guid":{"rendered":"http:\/\/stiftung-urmensch-mauer.de\/?page_id=60"},"modified":"2026-04-14T20:53:57","modified_gmt":"2026-04-14T20:53:57","slug":"sponsoren-foerderer-und-kooperationspartner","status":"publish","type":"page","link":"https:\/\/stiftung-urmensch-mauer.de\/?page_id=60","title":{"rendered":"Sponsoren, Freunde und Kooperationspartner"},"content":{"rendered":"\n<h2 class=\"wp-block-heading\">Kooperationspartner<\/h2>\n\n\n\n<p><img loading=\"lazy\" decoding=\"async\" width=\"80\" height=\"94\" class=\"wp-image-551\" style=\"width: 80px;\" src=\"http:\/\/stiftung-urmensch-mauer.de\/wp-content\/uploads\/2023\/03\/wappen-mauer.jpg\" alt=\"\" srcset=\"https:\/\/stiftung-urmensch-mauer.de\/wp-content\/uploads\/2023\/03\/wappen-mauer.jpg 407w, https:\/\/stiftung-urmensch-mauer.de\/wp-content\/uploads\/2023\/03\/wappen-mauer-254x300.jpg 254w\" sizes=\"auto, (max-width: 80px) 100vw, 80px\" \/><br><strong>Gemeinde Mauer<\/strong><br><strong><a aria-label=\" (\u00f6ffnet in neuem Tab)\" href=\"https:\/\/www.gemeinde-mauer.de\" target=\"_blank\" rel=\"noreferrer noopener\">www.gemeinde-mauer.de<\/a><\/strong><\/p>\n\n\n\n<p><img loading=\"lazy\" decoding=\"async\" width=\"200\" height=\"80\" class=\"wp-image-556\" style=\"width: 200px;\" src=\"http:\/\/stiftung-urmensch-mauer.de\/wp-content\/uploads\/2023\/03\/logo_rgb.jpg\" alt=\"\" srcset=\"https:\/\/stiftung-urmensch-mauer.de\/wp-content\/uploads\/2023\/03\/logo_rgb.jpg 953w, https:\/\/stiftung-urmensch-mauer.de\/wp-content\/uploads\/2023\/03\/logo_rgb-300x120.jpg 300w, https:\/\/stiftung-urmensch-mauer.de\/wp-content\/uploads\/2023\/03\/logo_rgb-768x307.jpg 768w\" sizes=\"auto, (max-width: 200px) 100vw, 200px\" \/><br><strong>Verein <em>Homo heidelbergensis<\/em> von Mauer e.V.<\/strong><br><a href=\"https:\/\/homoheidelbergensis.de\/\" target=\"_blank\" rel=\"noreferrer noopener\"><strong>HomoHeidelbergensis.de<\/strong><\/a><\/p>\n\n\n\n<p><img loading=\"lazy\" decoding=\"async\" width=\"200\" height=\"98\" class=\"wp-image-548\" style=\"width: 200px;\" src=\"http:\/\/stiftung-urmensch-mauer.de\/wp-content\/uploads\/2023\/03\/2017-HD_Logo_42_KMH_4c_Schutzraum.png\" alt=\"\" srcset=\"https:\/\/stiftung-urmensch-mauer.de\/wp-content\/uploads\/2023\/03\/2017-HD_Logo_42_KMH_4c_Schutzraum.png 840w, https:\/\/stiftung-urmensch-mauer.de\/wp-content\/uploads\/2023\/03\/2017-HD_Logo_42_KMH_4c_Schutzraum-300x146.png 300w, https:\/\/stiftung-urmensch-mauer.de\/wp-content\/uploads\/2023\/03\/2017-HD_Logo_42_KMH_4c_Schutzraum-768x375.png 768w\" sizes=\"auto, (max-width: 200px) 100vw, 200px\" \/><br><strong>Kurpf\u00e4lzisches Museum Heidelberg<\/strong><br><a href=\"https:\/\/www.museum-heidelberg.de\/Museum-Heidelberg\/startseite.html\" target=\"_blank\" rel=\"noreferrer noopener\"><strong>www.museum-heidelberg.de\/Museum-Heidelberg\/startseite.html<\/strong><\/a><\/p>\n\n\n\n<p><img loading=\"lazy\" decoding=\"async\" width=\"100\" height=\"43\" class=\"wp-image-553\" style=\"width: 100px;\" src=\"http:\/\/stiftung-urmensch-mauer.de\/wp-content\/uploads\/2023\/03\/20200811_rem_Logo_1c_2.jpg\" alt=\"\" srcset=\"https:\/\/stiftung-urmensch-mauer.de\/wp-content\/uploads\/2023\/03\/20200811_rem_Logo_1c_2.jpg 1200w, https:\/\/stiftung-urmensch-mauer.de\/wp-content\/uploads\/2023\/03\/20200811_rem_Logo_1c_2-300x130.jpg 300w, https:\/\/stiftung-urmensch-mauer.de\/wp-content\/uploads\/2023\/03\/20200811_rem_Logo_1c_2-1024x445.jpg 1024w, https:\/\/stiftung-urmensch-mauer.de\/wp-content\/uploads\/2023\/03\/20200811_rem_Logo_1c_2-768x333.jpg 768w\" sizes=\"auto, (max-width: 100px) 100vw, 100px\" \/><br><strong>Reiss-Engelhorn-Museen<\/strong><br>Mannheim, <a href=\"https:\/\/www.rem-mannheim.de\/\"><strong>www.rem-mannheim.de<\/strong><\/a><\/p>\n\n\n\n<p><img loading=\"lazy\" decoding=\"async\" width=\"170\" height=\"77\" class=\"wp-image-552\" style=\"width: 170px;\" src=\"http:\/\/stiftung-urmensch-mauer.de\/wp-content\/uploads\/2023\/03\/Klima_Arena_Logo.jpg\" alt=\"\" srcset=\"https:\/\/stiftung-urmensch-mauer.de\/wp-content\/uploads\/2023\/03\/Klima_Arena_Logo.jpg 1000w, https:\/\/stiftung-urmensch-mauer.de\/wp-content\/uploads\/2023\/03\/Klima_Arena_Logo-300x136.jpg 300w, https:\/\/stiftung-urmensch-mauer.de\/wp-content\/uploads\/2023\/03\/Klima_Arena_Logo-768x347.jpg 768w\" sizes=\"auto, (max-width: 170px) 100vw, 170px\" \/><br><strong>KLIMA ARENA<\/strong><br>Klimastiftung f\u00fcr B\u00fcrger <br>Sinsheim, <a rel=\"noreferrer noopener\" aria-label=\"www.klima-arena.de (\u00f6ffnet in neuem Tab)\" href=\"https:\/\/klima-arena.de\" target=\"_blank\"><strong>www.klima-arena.de<\/strong><\/a><\/p>\n\n\n\n<p><img loading=\"lazy\" decoding=\"async\" width=\"110\" height=\"110\" class=\"wp-image-650\" style=\"width: 110px;\" src=\"http:\/\/stiftung-urmensch-mauer.de\/wp-content\/uploads\/2023\/06\/Logo-Geo-Naturpark-2016_2.jpg\" alt=\"\" srcset=\"https:\/\/stiftung-urmensch-mauer.de\/wp-content\/uploads\/2023\/06\/Logo-Geo-Naturpark-2016_2.jpg 1240w, https:\/\/stiftung-urmensch-mauer.de\/wp-content\/uploads\/2023\/06\/Logo-Geo-Naturpark-2016_2-300x300.jpg 300w, https:\/\/stiftung-urmensch-mauer.de\/wp-content\/uploads\/2023\/06\/Logo-Geo-Naturpark-2016_2-1024x1024.jpg 1024w, https:\/\/stiftung-urmensch-mauer.de\/wp-content\/uploads\/2023\/06\/Logo-Geo-Naturpark-2016_2-150x150.jpg 150w, https:\/\/stiftung-urmensch-mauer.de\/wp-content\/uploads\/2023\/06\/Logo-Geo-Naturpark-2016_2-768x768.jpg 768w\" sizes=\"auto, (max-width: 110px) 100vw, 110px\" \/><br><strong>Geo-Naturpark Bergstra\u00dfe-Odenwald<\/strong><br>Lorsch, <a rel=\"noreferrer noopener\" href=\"https:\/\/geo-naturpark.net\/\" target=\"_blank\"><strong>geo-naturpark.net<\/strong><\/a><\/p>\n\n\n\n<p><img loading=\"lazy\" decoding=\"async\" width=\"90\" height=\"188\" class=\"wp-image-549\" style=\"width: 90px;\" src=\"http:\/\/stiftung-urmensch-mauer.de\/wp-content\/uploads\/2023\/03\/fuer_www-e1686808827489.png\" alt=\"\" srcset=\"https:\/\/stiftung-urmensch-mauer.de\/wp-content\/uploads\/2023\/03\/fuer_www-e1686808827489.png 334w, https:\/\/stiftung-urmensch-mauer.de\/wp-content\/uploads\/2023\/03\/fuer_www-e1686808827489-144x300.png 144w\" sizes=\"auto, (max-width: 90px) 100vw, 90px\" \/><br><strong>Hessisches Landesmuseum Darmstadt<\/strong><br><a href=\"https:\/\/www.hlmd.de\/\"><strong>www.hlmd.de<\/strong><\/a><\/p>\n\n\n\n<p><img loading=\"lazy\" decoding=\"async\" width=\"150\" height=\"152\" class=\"wp-image-887\" style=\"width: 150px;\" src=\"http:\/\/stiftung-urmensch-mauer.de\/wp-content\/uploads\/2025\/05\/Museum_Bikon_Blewut.jpg\" alt=\"\"><br><strong>Museum Bikon Blewut<\/strong><br>Indonesien, <a href=\"https:\/\/id.wikipedia.org\/wiki\/Museum_Bikon_Blewut\" target=\"_blank\" rel=\"noreferrer noopener\"><strong>Wikipedia (indonesisch)<\/strong><\/a><\/p>\n\n\n\n<hr class=\"wp-block-separator has-alpha-channel-opacity is-style-wide\"\/>\n\n\n\n<h2 class=\"wp-block-heading\">Mitgliedschaften<\/h2>\n\n\n\n<p><img loading=\"lazy\" decoding=\"async\" width=\"250\" height=\"127\" class=\"wp-image-936\" style=\"width: 250px;\" src=\"http:\/\/stiftung-urmensch-mauer.de\/wp-content\/uploads\/2026\/03\/FV-Udo-Logo_1024.jpg\" alt=\"\" srcset=\"https:\/\/stiftung-urmensch-mauer.de\/wp-content\/uploads\/2026\/03\/FV-Udo-Logo_1024.jpg 1024w, https:\/\/stiftung-urmensch-mauer.de\/wp-content\/uploads\/2026\/03\/FV-Udo-Logo_1024-300x153.jpg 300w, https:\/\/stiftung-urmensch-mauer.de\/wp-content\/uploads\/2026\/03\/FV-Udo-Logo_1024-768x391.jpg 768w\" sizes=\"auto, (max-width: 250px) 100vw, 250px\" \/><br>F\u00f6rderverein <strong>UDO<\/strong> \u2013 Danuvius guggenmosi e. V.<br><a href=\"https:\/\/udo.pforzen.de\/\" target=\"_blank\" rel=\"noreferrer noopener\"><strong>udo.pforzen.de<\/strong><\/a><\/p>\n\n\n\n<p><img loading=\"lazy\" decoding=\"async\" width=\"260\" height=\"106\" class=\"wp-image-932\" style=\"width: 260px;\" src=\"http:\/\/stiftung-urmensch-mauer.de\/wp-content\/uploads\/2025\/12\/100_25_GFA_Logo_RGB_V_RZ.png\" alt=\"\" srcset=\"https:\/\/stiftung-urmensch-mauer.de\/wp-content\/uploads\/2025\/12\/100_25_GFA_Logo_RGB_V_RZ.png 4000w, https:\/\/stiftung-urmensch-mauer.de\/wp-content\/uploads\/2025\/12\/100_25_GFA_Logo_RGB_V_RZ-300x122.png 300w, https:\/\/stiftung-urmensch-mauer.de\/wp-content\/uploads\/2025\/12\/100_25_GFA_Logo_RGB_V_RZ-1024x418.png 1024w, https:\/\/stiftung-urmensch-mauer.de\/wp-content\/uploads\/2025\/12\/100_25_GFA_Logo_RGB_V_RZ-768x314.png 768w, https:\/\/stiftung-urmensch-mauer.de\/wp-content\/uploads\/2025\/12\/100_25_GFA_Logo_RGB_V_RZ-1536x627.png 1536w, https:\/\/stiftung-urmensch-mauer.de\/wp-content\/uploads\/2025\/12\/100_25_GFA_Logo_RGB_V_RZ-2048x836.png 2048w\" sizes=\"auto, (max-width: 260px) 100vw, 260px\" \/><br>Gesellschaft f\u00fcr Arch\u00e4ologie in Baden-W\u00fcrttemberg e.V.<br><a href=\"https:\/\/www.gesellschaft-archaeologie.de\/startseite.html\" target=\"_blank\" rel=\"noreferrer noopener\"><strong>www.gesellschaft-archaeologie.d<\/strong>e<\/a><\/p>\n\n\n\n<p><img loading=\"lazy\" decoding=\"async\" width=\"180\" height=\"71\" class=\"wp-image-647\" style=\"width: 180px;\" src=\"http:\/\/stiftung-urmensch-mauer.de\/wp-content\/uploads\/2023\/06\/gfu_logo_2013_klein.jpg\" alt=\"\" srcset=\"https:\/\/stiftung-urmensch-mauer.de\/wp-content\/uploads\/2023\/06\/gfu_logo_2013_klein.jpg 370w, https:\/\/stiftung-urmensch-mauer.de\/wp-content\/uploads\/2023\/06\/gfu_logo_2013_klein-300x118.jpg 300w\" sizes=\"auto, (max-width: 180px) 100vw, 180px\" \/><br><strong>GfU<\/strong><br>Gesellschaft f\u00fcr Urgeschichte und F\u00f6rderverein des Urgeschichtlichen Museums Blaubeuren&nbsp;e.&nbsp;V.<br><a href=\"http:\/\/www.gfu-blaubeuren.de\/\" target=\"_blank\" rel=\"noreferrer noopener\"><strong>www.gfu-blaubeuren.de<\/strong><\/a><\/p>\n\n\n\n<p><img loading=\"lazy\" decoding=\"async\" width=\"280\" height=\"115\" class=\"wp-image-935\" style=\"width: 280px;\" src=\"http:\/\/stiftung-urmensch-mauer.de\/wp-content\/uploads\/2026\/03\/MRN_Logo_engagiert_in.jpg\" alt=\"\" srcset=\"https:\/\/stiftung-urmensch-mauer.de\/wp-content\/uploads\/2026\/03\/MRN_Logo_engagiert_in.jpg 1181w, https:\/\/stiftung-urmensch-mauer.de\/wp-content\/uploads\/2026\/03\/MRN_Logo_engagiert_in-300x123.jpg 300w, https:\/\/stiftung-urmensch-mauer.de\/wp-content\/uploads\/2026\/03\/MRN_Logo_engagiert_in-1024x419.jpg 1024w, https:\/\/stiftung-urmensch-mauer.de\/wp-content\/uploads\/2026\/03\/MRN_Logo_engagiert_in-768x314.jpg 768w\" sizes=\"auto, (max-width: 280px) 100vw, 280px\" \/><br><strong>Zukunft Metropolregion Rhein-Neckar e.V.<\/strong> (<strong>ZMRN<\/strong>)<br><a href=\"https:\/\/m-r-n.com\/region-organisation\/unsere-institutionen\/zmrn\/\" target=\"_blank\" rel=\"noreferrer noopener\"><strong>m-r-n.com\/region-organisation\/unsere-institutionen\/zmrn\/<\/strong><\/a><\/p>\n\n\n\n<p>und hier auch im <br><strong>Stiftungsnetzwerk der Metropolregion Rhein-Neckar<\/strong><br><a href=\"https:\/\/m-r-n.com\/stiftungsnetzwerk\/\"><strong>m-r-n.com\/stiftungsnetzwerk<\/strong><\/a><\/p>\n\n\n\n<hr class=\"wp-block-separator has-alpha-channel-opacity is-style-wide\"\/>\n\n\n\n<h2 class=\"wp-block-heading\">Freunde<\/h2>\n\n\n\n<p><img loading=\"lazy\" decoding=\"async\" width=\"200\" height=\"36\" class=\"wp-image-648\" style=\"width: 200px;\" src=\"http:\/\/stiftung-urmensch-mauer.de\/wp-content\/uploads\/2023\/06\/Logo-4c-scaled.jpg\" alt=\"\" srcset=\"https:\/\/stiftung-urmensch-mauer.de\/wp-content\/uploads\/2023\/06\/Logo-4c-scaled.jpg 2560w, https:\/\/stiftung-urmensch-mauer.de\/wp-content\/uploads\/2023\/06\/Logo-4c-300x54.jpg 300w, https:\/\/stiftung-urmensch-mauer.de\/wp-content\/uploads\/2023\/06\/Logo-4c-1024x184.jpg 1024w, https:\/\/stiftung-urmensch-mauer.de\/wp-content\/uploads\/2023\/06\/Logo-4c-768x138.jpg 768w, https:\/\/stiftung-urmensch-mauer.de\/wp-content\/uploads\/2023\/06\/Logo-4c-1536x276.jpg 1536w, https:\/\/stiftung-urmensch-mauer.de\/wp-content\/uploads\/2023\/06\/Logo-4c-2048x369.jpg 2048w\" sizes=\"auto, (max-width: 200px) 100vw, 200px\" \/><br>Rhein-Neckar-Kreis<br><strong><a rel=\"noreferrer noopener\" href=\"https:\/\/www.rhein-neckar-kreis.de\/\" target=\"_blank\">www.rhein-neckar-kreis.de<\/a> <\/strong><\/p>\n\n\n\n<hr class=\"wp-block-separator has-alpha-channel-opacity is-style-wide\"\/>\n\n\n\n<h2 class=\"wp-block-heading\">Sponsoren 2025<\/h2>\n\n\n\n<p><strong>MUSEUMS-PASS-MUS\u00c9E<\/strong><br>Basel, <a href=\"https:\/\/www.museumspass.com\/de\" target=\"_blank\" rel=\"noreferrer noopener\"><strong>www.museumspass.com<\/strong><\/a><\/p>\n\n\n\n<p><strong>Volksbank Neckartal eG<\/strong><br>Eberbach, <strong><a href=\"https:\/\/stiftung-urmensch-mauer.de\/?page_id=873\" data-type=\"page\" data-id=\"326\">Crowdfunding Volksbank 2025<\/a><\/strong><\/p>\n\n\n\n<hr class=\"wp-block-separator has-alpha-channel-opacity is-style-wide\"\/>\n\n\n\n<h2 class=\"wp-block-heading\">Sponsoren 2024<\/h2>\n\n\n\n<p><strong>MUSEUMS-PASS-MUS\u00c9E<\/strong><br>Basel, <a rel=\"noreferrer noopener\" href=\"https:\/\/www.museumspass.com\/de\" target=\"_blank\"><strong>www.museumspass.com<\/strong><\/a><\/p>\n\n\n\n<p><strong>Backerei Frick<\/strong><br>Sinsheim, <a href=\"https:\/\/www.stadtbaeckerei-frick.de\/home\" target=\"_blank\" rel=\"noreferrer noopener\"><strong>www.stadtbaeckerei-frick.de<\/strong><\/a><\/p>\n\n\n\n<p><strong>Mc Fair <\/strong><br>Mauer, <a href=\"http:\/\/m.robinboehm.de\/\" target=\"_blank\" rel=\"noreferrer noopener\"><strong>m.robinboehm.de<\/strong><\/a><\/p>\n\n\n\n<p><strong>Wiedenbeck<\/strong><br>Sinsheim, <strong><a href=\"http:\/\/www.uc-tec.de\" target=\"_blank\" rel=\"noreferrer noopener\">www.uc-tec.de<\/a>&nbsp;<\/strong><\/p>\n\n\n\n<hr class=\"wp-block-separator has-alpha-channel-opacity is-style-wide\"\/>\n\n\n\n<h2 class=\"wp-block-heading\">Sponsoren 2023<\/h2>\n\n\n\n<p><strong>MUSEUMS-PASS-MUS\u00c9E<\/strong><br>Basel, <a rel=\"noreferrer noopener\" href=\"https:\/\/www.museumspass.com\/de\" target=\"_blank\"><strong>www.museumspass.com<\/strong><\/a><\/p>\n\n\n\n<p><strong>Baden-W\u00fcrttembergische Bank <\/strong><br>Stuttgart, <a href=\"https:\/\/www.bw-bank.de\/de\/home.html\" target=\"_blank\" rel=\"noreferrer noopener\"><strong>www.bw-bank.de<\/strong><\/a><\/p>\n\n\n\n<hr class=\"wp-block-separator has-alpha-channel-opacity is-style-wide\"\/>\n\n\n\n<h2 class=\"wp-block-heading\">Sponsoren 2022<\/h2>\n\n\n\n<p><strong>MUSEUMS-PASS-MUS\u00c9E<\/strong><br>Basel, <a rel=\"noreferrer noopener\" href=\"https:\/\/www.museumspass.com\/de\" target=\"_blank\"><strong>www.museumspass.com<\/strong><\/a><\/p>\n\n\n\n<p><strong>Giebel oHG <\/strong><br>Leimen, <a rel=\"noreferrer noopener\" aria-label=\"www.giebel-mailing.de (\u00f6ffnet in neuem Tab)\" href=\"https:\/\/www.giebel-mailing.de\/\" target=\"_blank\"><strong>www.giebel-mailing.de<\/strong><\/a><\/p>\n\n\n\n<hr class=\"wp-block-separator has-alpha-channel-opacity is-style-wide\"\/>\n\n\n\n<h2 class=\"wp-block-heading\">Sponsoren 2021<\/h2>\n\n\n\n<p><strong>Volksbank Neckartal eG<\/strong><br>Eberbach, <strong><a href=\"https:\/\/stiftung-urmensch-mauer.de\/?page_id=326\" data-type=\"page\" data-id=\"326\">Crowdfunding Volksbank 2021<\/a><\/strong><\/p>\n\n\n\n<hr class=\"wp-block-separator has-alpha-channel-opacity is-style-wide\"\/>\n\n\n\n<h2 class=\"wp-block-heading\">Sponsoren 2020<\/h2>\n\n\n\n<p><strong>MUSEUMS-PASS-MUS\u00c9E<\/strong><br>Basel, <a rel=\"noreferrer noopener\" href=\"https:\/\/www.museumspass.com\/de\" target=\"_blank\"><strong>www.museumspass.com<\/strong><\/a><\/p>\n\n\n\n<p><strong>Schulbuchverlag Westermann<\/strong><br>Braunschweig, <a href=\"https:\/\/www.westermann.de\/\"><strong>www.westermann.de<\/strong><\/a><\/p>\n\n\n\n<p><strong>Verein <em>Homo heidelbergensis<\/em> von Mauer e.V.<\/strong><br>Mauer, <a rel=\"noreferrer noopener\" href=\"http:\/\/www.homoheidelbergensis.de\/\" target=\"_blank\"><strong>www.homoheidelbergensis.de<\/strong><\/a><\/p>\n\n\n\n<hr class=\"wp-block-separator has-alpha-channel-opacity is-style-wide\"\/>\n\n\n\n<h2 class=\"wp-block-heading\">Sponsoren 2019<\/h2>\n\n\n\n<p><strong>Arndt &amp; Kompanie<\/strong><br>Coesfeld, <a rel=\"noreferrer noopener\" href=\"http:\/\/www.arndt-kom.de\/\" target=\"_blank\"><strong>www.arndt-kom.de<\/strong><\/a><\/p>\n\n\n\n<p><strong>MK Offsetdruck + Verlags GmbH<\/strong><br>Eschelbronn, <a rel=\"noreferrer noopener\" href=\"http:\/\/www.mk-offsetdruck.de\/\" target=\"_blank\"><strong>www.mk-offsetdruck.de<\/strong><\/a><\/p>\n\n\n\n<p><strong>Giebel oHG <\/strong><br>Leimen, <a rel=\"noreferrer noopener\" aria-label=\"www.giebel-mailing.de (\u00f6ffnet in neuem Tab)\" href=\"https:\/\/www.giebel-mailing.de\/\" target=\"_blank\"><strong>www.giebel-mailing.de<\/strong><\/a><\/p>\n","protected":false},"excerpt":{"rendered":"<p>Kooperationspartner Gemeinde Mauerwww.gemeinde-mauer.de Verein Homo heidelbergensis von Mauer e.V.HomoHeidelbergensis.de Kurpf\u00e4lzisches Museum Heidelbergwww.museum-heidelberg.de\/Museum-Heidelberg\/startseite.html Reiss-Engelhorn-MuseenMannheim, www.rem-mannheim.de KLIMA ARENAKlimastiftung f\u00fcr B\u00fcrger Sinsheim, www.klima-arena.de Geo-Naturpark Bergstra\u00dfe-OdenwaldLorsch, geo-naturpark.net Hessisches Landesmuseum Darmstadtwww.hlmd.de Museum Bikon BlewutIndonesien, Wikipedia (indonesisch) Mitgliedschaften F\u00f6rderverein UDO \u2013 Danuvius guggenmosi e. V.udo.pforzen.de Gesellschaft f\u00fcr Arch\u00e4ologie in Baden-W\u00fcrttemberg e.V.www.gesellschaft-archaeologie.de GfUGesellschaft f\u00fcr Urgeschichte und F\u00f6rderverein des Urgeschichtlichen Museums Blaubeuren&nbsp;e.&nbsp;V.www.gfu-blaubeuren.de Zukunft &#8230; <a title=\"Sponsoren, Freunde und Kooperationspartner\" class=\"read-more\" href=\"https:\/\/stiftung-urmensch-mauer.de\/?page_id=60\" aria-label=\"Mehr Informationen \u00fcber Sponsoren, Freunde und Kooperationspartner\">Weiterlesen &#8230;<\/a><\/p>\n","protected":false},"author":1,"featured_media":0,"parent":0,"menu_order":0,"comment_status":"closed","ping_status":"closed","template":"","meta":{"footnotes":""},"class_list":["post-60","page","type-page","status-publish"],"_links":{"self":[{"href":"https:\/\/stiftung-urmensch-mauer.de\/index.php?rest_route=\/wp\/v2\/pages\/60","targetHints":{"allow":["GET"]}}],"collection":[{"href":"https:\/\/stiftung-urmensch-mauer.de\/index.php?rest_route=\/wp\/v2\/pages"}],"about":[{"href":"https:\/\/stiftung-urmensch-mauer.de\/index.php?rest_route=\/wp\/v2\/types\/page"}],"author":[{"embeddable":true,"href":"https:\/\/stiftung-urmensch-mauer.de\/index.php?rest_route=\/wp\/v2\/users\/1"}],"replies":[{"embeddable":true,"href":"https:\/\/stiftung-urmensch-mauer.de\/index.php?rest_route=%2Fwp%2Fv2%2Fcomments&post=60"}],"version-history":[{"count":36,"href":"https:\/\/stiftung-urmensch-mauer.de\/index.php?rest_route=\/wp\/v2\/pages\/60\/revisions"}],"predecessor-version":[{"id":943,"href":"https:\/\/stiftung-urmensch-mauer.de\/index.php?rest_route=\/wp\/v2\/pages\/60\/revisions\/943"}],"wp:attachment":[{"href":"https:\/\/stiftung-urmensch-mauer.de\/index.php?rest_route=%2Fwp%2Fv2%2Fmedia&parent=60"}],"curies":[{"name":"wp","href":"https:\/\/api.w.org\/{rel}","templated":true}]}}