{"id":67,"date":"2019-02-13T16:35:09","date_gmt":"2019-02-13T16:35:09","guid":{"rendered":"http:\/\/stiftung-urmensch-mauer.de\/?page_id=67"},"modified":"2025-12-19T11:41:37","modified_gmt":"2025-12-19T11:41:37","slug":"projekte","status":"publish","type":"page","link":"https:\/\/stiftung-urmensch-mauer.de\/?page_id=67","title":{"rendered":"Projekte"},"content":{"rendered":"\n<p>Laufende und abgeschlossene Projekte, die von der Stiftung gef\u00f6rdert werden und wurden. <br><\/p>\n\n\n\n<ul class=\"wp-block-list\">\n<li><a href=\"https:\/\/stiftung-urmensch-mauer.de\/?page_id=920\"><strong>Symposium \u201eSaurierwelten\u201c der Reiss-Engelhorn-Museen<\/strong><\/a> (November 2025)<\/li>\n\n\n\n<li><a href=\"https:\/\/stiftung-urmensch-mauer.de\/?page_id=873\"><strong>Crowdfunding Volksbank 2025<\/strong><\/a> (Februar 2025)<\/li>\n\n\n\n<li><strong><a href=\"https:\/\/stiftung-urmensch-mauer.de\/?page_id=866\">Stiftung Urmensch von Mauer und Verein Homo heidelbergensis von Mauer e.V. vertiefen ihre Kooperation<\/a> <\/strong>(Januar 2025)<\/li>\n\n\n\n<li>Vortragsreihe <a href=\"https:\/\/stiftung-urmensch-mauer.de\/?page_id=795\">&#8222;<strong>Im Besucherzentrum an der Grube Messel<\/strong>&#8222;<\/a><strong> <\/strong>(November 2024)<\/li>\n\n\n\n<li><a href=\"https:\/\/stiftung-urmensch-mauer.de\/?page_id=773\"><strong>Projektstart Museum f\u00fcr den Urmenschen von Mauer<\/strong><\/a> (Juni 2024)<\/li>\n\n\n\n<li>Wander-Ausstellung &#8222;<strong><a href=\"https:\/\/stiftung-urmensch-mauer.de\/?page_id=765\">Vielfalt des Kraichgaus \u2013 Kulturlandschaft mit wildem Herzen<\/a><\/strong>&#8220; (Mai bis Juni 2024)<\/li>\n\n\n\n<li>Vortragsreihe <strong><a href=\"https:\/\/stiftung-urmensch-mauer.de\/?page_id=672\">&#8222;Das Zeitalter der S\u00e4ugetiere&#8220;<\/a> <\/strong>(November 2023)<\/li>\n\n\n\n<li>Wanderausstellung<strong> <\/strong><a href=\"https:\/\/stiftung-urmensch-mauer.de\/?page_id=677\"><strong>\u201eSENSATION UDO und die Grabungen in der Hammerschmiede\u201c<\/strong><\/a> (Oktober 2023)<\/li>\n\n\n\n<li>Vortragsreihe &#8222;<a href=\"https:\/\/stiftung-urmensch-mauer.de\/?page_id=433\"><strong>Wie wurden wir Mensch?&#8220; im Institut f\u00fcr Geowissenschaften Heidelberg<\/strong><\/a> (November 2022)<\/li>\n\n\n\n<li>Vortragsreihe &#8222;<a href=\"https:\/\/stiftung-urmensch-mauer.de\/?page_id=398\"><strong>Mensch und Klima&#8220; in der Klima Arena Sinsheim<\/strong><\/a> (November 2021)<\/li>\n\n\n\n<li><a href=\"https:\/\/stiftung-urmensch-mauer.de\/?page_id=564\" data-type=\"page\" data-id=\"564\"><strong>YouTube Kanal f\u00fcr den <em>Homo heidelbergensis<\/em><\/strong><\/a> (April 2021)<\/li>\n\n\n\n<li><a href=\"https:\/\/stiftung-urmensch-mauer.de\/?page_id=326\" data-type=\"page\" data-id=\"326\"><strong>Crowdfunding Volksbank 2021<\/strong><\/a> erfolgreich abgeschlossen (Januar 2021)<\/li>\n\n\n\n<li><a rel=\"noreferrer noopener\" href=\"https:\/\/bawue.museum-digital.de\/index.php?t=institution&amp;instnr=144\" target=\"_blank\"><strong>Digitales Urmenschmuseum Mauer<\/strong><\/a> (Start Januar 2021)<\/li>\n\n\n\n<li><a href=\"https:\/\/stiftung-urmensch-mauer.de\/?page_id=254\" data-type=\"URL\" data-id=\"https:\/\/stiftung-urmensch-mauer.de\/?page_id=254\"><strong>Bilderausstellung in der Volksbank Mauer<\/strong><\/a> (Oktober &#8211;  November 2020)<\/li>\n\n\n\n<li><strong><a href=\"http:\/\/stiftung-urmensch-mauer.de\/?page_id=124\">\u00dcber 80 Sch\u00e4del f\u00fcr die Stiftung Urmensch von Mauer<\/a><\/strong> (2. November 2019)<\/li>\n\n\n\n<li><a href=\"http:\/\/stiftung-urmensch-mauer.de\/?page_id=64\"><strong>Kunstvitrine im Rathaus Mauer<\/strong><\/a> (13.  Januar 2019)<\/li>\n<\/ul>\n\n\n\n<p><\/p>\n","protected":false},"excerpt":{"rendered":"<p>Laufende und abgeschlossene Projekte, die von der Stiftung gef\u00f6rdert werden und wurden.<\/p>\n","protected":false},"author":1,"featured_media":0,"parent":0,"menu_order":0,"comment_status":"closed","ping_status":"closed","template":"","meta":{"footnotes":""},"class_list":["post-67","page","type-page","status-publish"],"_links":{"self":[{"href":"https:\/\/stiftung-urmensch-mauer.de\/index.php?rest_route=\/wp\/v2\/pages\/67","targetHints":{"allow":["GET"]}}],"collection":[{"href":"https:\/\/stiftung-urmensch-mauer.de\/index.php?rest_route=\/wp\/v2\/pages"}],"about":[{"href":"https:\/\/stiftung-urmensch-mauer.de\/index.php?rest_route=\/wp\/v2\/types\/page"}],"author":[{"embeddable":true,"href":"https:\/\/stiftung-urmensch-mauer.de\/index.php?rest_route=\/wp\/v2\/users\/1"}],"replies":[{"embeddable":true,"href":"https:\/\/stiftung-urmensch-mauer.de\/index.php?rest_route=%2Fwp%2Fv2%2Fcomments&post=67"}],"version-history":[{"count":26,"href":"https:\/\/stiftung-urmensch-mauer.de\/index.php?rest_route=\/wp\/v2\/pages\/67\/revisions"}],"predecessor-version":[{"id":930,"href":"https:\/\/stiftung-urmensch-mauer.de\/index.php?rest_route=\/wp\/v2\/pages\/67\/revisions\/930"}],"wp:attachment":[{"href":"https:\/\/stiftung-urmensch-mauer.de\/index.php?rest_route=%2Fwp%2Fv2%2Fmedia&parent=67"}],"curies":[{"name":"wp","href":"https:\/\/api.w.org\/{rel}","templated":true}]}}