{"id":672,"date":"2023-08-31T21:15:23","date_gmt":"2023-08-31T21:15:23","guid":{"rendered":"https:\/\/stiftung-urmensch-mauer.de\/?page_id=672"},"modified":"2023-12-04T21:02:20","modified_gmt":"2023-12-04T21:02:20","slug":"herzliche-einladung-zu-unserer-dritten-vortragsreihe-der-stiftung-urmensch-von-mauer","status":"publish","type":"page","link":"https:\/\/stiftung-urmensch-mauer.de\/?page_id=672","title":{"rendered":"Das Zeitalter der S\u00e4ugetiere"},"content":{"rendered":"\n<h2 class=\"wp-block-heading\">Aus dem Schatten der Saurier zum Erfolgsmodell der Evolution<\/h2>\n\n\n\n<p>Am <strong>4. und 5. November 2023<\/strong> fand zum dritten Mal die Vortragsreihe der Stiftung Urmensch von Mauer statt. Dieses Mal gastierten wir in der Kulturhalle in Mauer, dem Fundort des Unterkiefers des <em>Homo heidelbergensis<\/em>. Deshalb widmeten sich in diesem Jahr auch alle Vortr\u00e4ge der eingeladenen Wissenschaftler den S\u00e4ugetieren.<\/p>\n\n\n\n<p>Die Geschichte der S\u00e4ugetiere, die f\u00fcr uns heute als die dominierende Tiergruppe auf diesem Planeten erscheint, beginnt klein. Ann\u00e4hernd zeitgleich mit den Dinosauriern erscheinen im weitesten Sinn die ersten S\u00e4ugetiere vor ca. 240 &#8211; 230 Millionen Jahren nach dem verheerenden Massenaussterben an der Perm-Trias-Grenze auf der B\u00fchne des Lebens. Bis vor 66 Millionen Jahren f\u00fchrten sie ein eher \u201everborgenes\u201c Leben im Schatten der \u201eschrecklichen\u201c Echsen. Doch nachdem diese weitgehend verschwunden waren, durchlebten die S\u00e4ugetiere eine unglaubliche evolution\u00e4re Entwicklung und besetzten jeden freigewordenen Lebensraum, sowohl an Land, im Wasser als auch in der Luft.<\/p>\n\n\n\n<p>Diese Erfolgsgeschichte wollte die Vortragsreihe beleuchten und Fragen beantworten, wie es zum Beispiel die Wale schafften innerhalb von nur 30 Millionen Jahren das Landleben gegen eine vollst\u00e4ndig aquatische Lebensweise zu tauschen oder wie die Fledertiere den V\u00f6geln \u2013 also Dinosauriern \u2013 einen Anteil am Luftraum abgerungen haben. Last but not least sollte auch ein Blick auf unsere Verwandtschaft, die Primaten, geworfen werden. Aus dieser Familie entstammt schlie\u00dflich das scheinbar erfolgreichste S\u00e4ugetier von allen: <br><strong>der Mensch<\/strong>!<\/p>\n\n\n\n<p><\/p>\n\n\n\n<p><\/p>\n\n\n\n<h2 class=\"wp-block-heading\"><strong>Programm<\/strong><\/h2>\n\n\n\n<p><strong>Samstag, 04. November 2023<\/strong><\/p>\n\n\n\n<p><strong>13:00 Uhr<\/strong><br>\u201e<strong>Divers und erfolgreich <\/strong><br><strong>\u2013 S\u00e4ugetiere im Schatten der Dinosaurie<\/strong>r\u201c<br>Referent: <strong>Prof. Dr. Thomas Martin<\/strong>, AG Pal\u00e4ontologie\/Vertebraten, Steinmann-Institut\/Bonn<br><a href=\"https:\/\/stiftung-urmensch-mauer.de\/?page_id=702\"><strong>&#8211;&gt; mehr <\/strong><\/a><\/p>\n\n\n\n<hr class=\"wp-block-separator has-alpha-channel-opacity is-style-wide\"\/>\n\n\n\n<p><strong>15:00 Uhr<\/strong><br>\u201e<strong>Eine Seekuh kommt selten allein <\/strong><br><strong>\u2013 die Bedeutung dieser Meeress\u00e4uger f\u00fcr die Wissenschaft, die (Pal\u00e4o-)\u00d6kologie und sogar \u00d6konomie am Beispiel besonderer fossiler Funde\u201c<\/strong><br>Referentin: <strong>Dr. Manja Voss<\/strong>, Wissenschaftliche Koordinatorin f\u00fcr strategisches Ehrenamtsmanagement\/Naturkundemuseum Berlin<br><strong><a href=\"https:\/\/stiftung-urmensch-mauer.de\/?page_id=708\">&#8211;&gt; mehr<\/a><\/strong><\/p>\n\n\n\n<hr class=\"wp-block-separator has-alpha-channel-opacity is-style-wide\"\/>\n\n\n\n<p><strong>Sonntag, 5. November 2023<\/strong><\/p>\n\n\n\n<p><strong>11:00 Uhr<\/strong><br>\u201e<strong>Die Chiwondo Beds im Malawi Rift <\/strong><br><strong>\u2013 ein Korridor zwischen Ost- und S\u00fcdafrika<\/strong>\u201c<br>Referent: <strong>Dr. Oliver Sandrock<\/strong>, Hessisches Landesmuseum Darmstadt<br><strong><a href=\"https:\/\/stiftung-urmensch-mauer.de\/?page_id=712\">&#8211;&gt; mehr<\/a><\/strong><\/p>\n\n\n\n<hr class=\"wp-block-separator has-alpha-channel-opacity is-style-wide\"\/>\n\n\n\n<p><strong>13:00 Uhr<\/strong><br>\u201e<strong>Unm\u00f6gliche Organe <\/strong><br><strong>&#8211; Das Geweih und seine Evolutionsgeschichte<\/strong>\u201c<br>Referentin: <strong>PD Dr. Gertrud R\u00f6\u00dfner<\/strong>, Oberkonservatorin f\u00fcr fossile S\u00e4ugetiere Bayrische Staatssammlung f\u00fcr Geologie und Pal\u00e4ontologie, M\u00fcnchen<br><strong><a href=\"https:\/\/stiftung-urmensch-mauer.de\/?page_id=715\">&#8211;&gt; mehr<\/a><\/strong><\/p>\n\n\n\n<hr class=\"wp-block-separator has-alpha-channel-opacity is-style-wide\"\/>\n\n\n\n<p><strong>15:00 Uhr<\/strong><br>\u201e<strong>Mighty Mouse <\/strong><br><strong>\u2013 die Erfolgsgeschichte der Nagetiere. Ihre Evolution, r\u00fcckblickend vom europ\u00e4ischen Quart\u00e4r aus betrachtet.<\/strong>\u201c<br>Referent: <strong>Dr. Lutz Christian Maul<\/strong>, Ernannter ehrenamtlicher Mitarbeiter (Quart\u00e4re Kleins\u00e4ugetiere)\/Senckenberg Weimar<br><strong><a href=\"https:\/\/stiftung-urmensch-mauer.de\/?page_id=718\">&#8211;&gt; mehr<\/a><\/strong><\/p>\n\n\n\n<hr class=\"wp-block-separator has-alpha-channel-opacity is-style-wide\"\/>\n\n\n\n<p><strong>Veranstaltungsort:<\/strong><\/p>\n\n\n\n<p>Sport und Kulturhalle, Kirchenstra\u00dfe 28, 69256 Mauer<br><\/p>\n\n\n\n<p><\/p>\n\n\n\n<p><\/p>\n","protected":false},"excerpt":{"rendered":"<p>Aus dem Schatten der Saurier zum Erfolgsmodell der Evolution Am 4. und 5. November 2023 fand zum dritten Mal die Vortragsreihe der Stiftung Urmensch von Mauer statt. Dieses Mal gastierten wir in der Kulturhalle in Mauer, dem Fundort des Unterkiefers des Homo heidelbergensis. Deshalb widmeten sich in diesem Jahr auch alle Vortr\u00e4ge der eingeladenen Wissenschaftler &#8230; <a title=\"Das Zeitalter der S\u00e4ugetiere\" class=\"read-more\" href=\"https:\/\/stiftung-urmensch-mauer.de\/?page_id=672\" aria-label=\"Mehr Informationen \u00fcber Das Zeitalter der S\u00e4ugetiere\">Weiterlesen &#8230;<\/a><\/p>\n","protected":false},"author":1,"featured_media":0,"parent":0,"menu_order":0,"comment_status":"closed","ping_status":"closed","template":"","meta":{"footnotes":""},"class_list":["post-672","page","type-page","status-publish"],"_links":{"self":[{"href":"https:\/\/stiftung-urmensch-mauer.de\/index.php?rest_route=\/wp\/v2\/pages\/672","targetHints":{"allow":["GET"]}}],"collection":[{"href":"https:\/\/stiftung-urmensch-mauer.de\/index.php?rest_route=\/wp\/v2\/pages"}],"about":[{"href":"https:\/\/stiftung-urmensch-mauer.de\/index.php?rest_route=\/wp\/v2\/types\/page"}],"author":[{"embeddable":true,"href":"https:\/\/stiftung-urmensch-mauer.de\/index.php?rest_route=\/wp\/v2\/users\/1"}],"replies":[{"embeddable":true,"href":"https:\/\/stiftung-urmensch-mauer.de\/index.php?rest_route=%2Fwp%2Fv2%2Fcomments&post=672"}],"version-history":[{"count":15,"href":"https:\/\/stiftung-urmensch-mauer.de\/index.php?rest_route=\/wp\/v2\/pages\/672\/revisions"}],"predecessor-version":[{"id":738,"href":"https:\/\/stiftung-urmensch-mauer.de\/index.php?rest_route=\/wp\/v2\/pages\/672\/revisions\/738"}],"wp:attachment":[{"href":"https:\/\/stiftung-urmensch-mauer.de\/index.php?rest_route=%2Fwp%2Fv2%2Fmedia&parent=672"}],"curies":[{"name":"wp","href":"https:\/\/api.w.org\/{rel}","templated":true}]}}