{"id":677,"date":"2023-09-10T15:49:34","date_gmt":"2023-09-10T15:49:34","guid":{"rendered":"https:\/\/stiftung-urmensch-mauer.de\/?page_id=677"},"modified":"2024-06-11T18:05:03","modified_gmt":"2024-06-11T18:05:03","slug":"sensation-udo-und-die-grabungen-in-der-hammerschmiede","status":"publish","type":"page","link":"https:\/\/stiftung-urmensch-mauer.de\/?page_id=677","title":{"rendered":"SENSATION UDO und die Grabungen in der Hammerschmiede!"},"content":{"rendered":"\n<p>Die<strong> Stiftung Urmensch von Mauer <\/strong>hat in Kooperation mit dem Verein <strong><em>Homo heidelbergensis <\/em>von Mauer e. V.<\/strong> vom <strong>7. Oktober<\/strong> bis zum <strong>12. November 2023<\/strong> die Wanderausstellung \u201e<strong>Sensation Udo und die Grabungen in der Hammerschmiede<\/strong>\u201c an den Fundort des <em>Homo heidelbergensis <\/em>\u2013 nach Mauer gebracht.<\/p>\n\n\n<div class=\"wp-block-image\">\n<figure class=\"aligncenter size-full is-resized\"><img loading=\"lazy\" decoding=\"async\" width=\"746\" height=\"802\" src=\"http:\/\/stiftung-urmensch-mauer.de\/wp-content\/uploads\/2023\/08\/Sensation_Udo_b.jpg\" alt=\"\" class=\"wp-image-676\" style=\"width:285px;height:306px\" srcset=\"https:\/\/stiftung-urmensch-mauer.de\/wp-content\/uploads\/2023\/08\/Sensation_Udo_b.jpg 746w, https:\/\/stiftung-urmensch-mauer.de\/wp-content\/uploads\/2023\/08\/Sensation_Udo_b-279x300.jpg 279w\" sizes=\"auto, (max-width: 746px) 100vw, 746px\" \/><\/figure>\n<\/div>\n\n\n<p>Ebenso wie der Fund des Unterkiefers des <em>Homo heidelbergensis<\/em> in den Neckarsanden vor \u00fcber 100 Jahren gingen die Fossilien von <em>Danuvius guggenmosi<\/em>, Spitzname UDO, die durch <strong>Prof. Madelaine B\u00f6hme<\/strong> und ihrem Team am 15. Mai 2016 in der Tongrube Hammerschmiede in Pforzen im Allg\u00e4u gefunden wurden, durch die internationale Presse.<\/p>\n\n\n\n<p>Wie <em>Danuvius guggenmosi <\/em>wohl ausgesehen hat, welche Tiere vor 12 Millionen Jahren mit \u201eUdo&#8220; in der Hammerschmiede lebten und wie es im Ostallg\u00e4u zu dieser Zeit aussah, konnten die Besucher erfahren. Die Tongrube Hammerschmiede ist eine der spektakul\u00e4rsten Fossilien-Fundstellen dieser Zeit weltweit. Die wissenschaftlichen Grabungen laufen hier als sogenannte B\u00fcrgergrabung ab. Interessiere Laien k\u00f6nnen sich bewerben und dort mitzumachen. Weitere Informationen finden Sie unter: <a href=\"https:\/\/udo.pforzen.de\/\" target=\"_blank\" rel=\"noreferrer noopener\"><strong>udo.pforzen.de<\/strong><\/a><\/p>\n\n\n\n<p>Das Begleitprogramm waren ein Vortrag von <strong>Dr. Klaus Schamel<\/strong> und eine Steinzeitwerkstatt mit <strong>Norbert Hirschinger<\/strong>. Mit fast 500 Besuchern war die Ausstellung f\u00fcr die Gemeinde Mauer ein gro\u00dfer Erfolg.<\/p>\n","protected":false},"excerpt":{"rendered":"<p>Die Stiftung Urmensch von Mauer hat in Kooperation mit dem Verein Homo heidelbergensis von Mauer e. V. vom 7. Oktober bis zum 12. November 2023 die Wanderausstellung \u201eSensation Udo und die Grabungen in der Hammerschmiede\u201c an den Fundort des Homo heidelbergensis \u2013 nach Mauer gebracht. Ebenso wie der Fund des Unterkiefers des Homo heidelbergensis in &#8230; <a title=\"SENSATION UDO und die Grabungen in der Hammerschmiede!\" class=\"read-more\" href=\"https:\/\/stiftung-urmensch-mauer.de\/?page_id=677\" aria-label=\"Mehr Informationen \u00fcber SENSATION UDO und die Grabungen in der Hammerschmiede!\">Weiterlesen &#8230;<\/a><\/p>\n","protected":false},"author":1,"featured_media":0,"parent":0,"menu_order":0,"comment_status":"closed","ping_status":"closed","template":"","meta":{"footnotes":""},"class_list":["post-677","page","type-page","status-publish"],"_links":{"self":[{"href":"https:\/\/stiftung-urmensch-mauer.de\/index.php?rest_route=\/wp\/v2\/pages\/677","targetHints":{"allow":["GET"]}}],"collection":[{"href":"https:\/\/stiftung-urmensch-mauer.de\/index.php?rest_route=\/wp\/v2\/pages"}],"about":[{"href":"https:\/\/stiftung-urmensch-mauer.de\/index.php?rest_route=\/wp\/v2\/types\/page"}],"author":[{"embeddable":true,"href":"https:\/\/stiftung-urmensch-mauer.de\/index.php?rest_route=\/wp\/v2\/users\/1"}],"replies":[{"embeddable":true,"href":"https:\/\/stiftung-urmensch-mauer.de\/index.php?rest_route=%2Fwp%2Fv2%2Fcomments&post=677"}],"version-history":[{"count":6,"href":"https:\/\/stiftung-urmensch-mauer.de\/index.php?rest_route=\/wp\/v2\/pages\/677\/revisions"}],"predecessor-version":[{"id":771,"href":"https:\/\/stiftung-urmensch-mauer.de\/index.php?rest_route=\/wp\/v2\/pages\/677\/revisions\/771"}],"wp:attachment":[{"href":"https:\/\/stiftung-urmensch-mauer.de\/index.php?rest_route=%2Fwp%2Fv2%2Fmedia&parent=677"}],"curies":[{"name":"wp","href":"https:\/\/api.w.org\/{rel}","templated":true}]}}