{"id":789,"date":"2024-07-29T21:31:04","date_gmt":"2024-07-29T21:31:04","guid":{"rendered":"https:\/\/stiftung-urmensch-mauer.de\/?page_id=789"},"modified":"2024-07-29T21:31:04","modified_gmt":"2024-07-29T21:31:04","slug":"schoetensack-preis-2024","status":"publish","type":"page","link":"https:\/\/stiftung-urmensch-mauer.de\/?page_id=789","title":{"rendered":"Schoetensack-Preis 2024"},"content":{"rendered":"\n<figure class=\"wp-block-image size-medium\"><img loading=\"lazy\" decoding=\"async\" width=\"300\" height=\"200\" src=\"https:\/\/stiftung-urmensch-mauer.de\/wp-content\/uploads\/2024\/07\/Susanne_Schusta_Dante_Aulehla-300x200.jpg\" alt=\"\" class=\"wp-image-787\" srcset=\"https:\/\/stiftung-urmensch-mauer.de\/wp-content\/uploads\/2024\/07\/Susanne_Schusta_Dante_Aulehla-300x200.jpg 300w, https:\/\/stiftung-urmensch-mauer.de\/wp-content\/uploads\/2024\/07\/Susanne_Schusta_Dante_Aulehla-768x511.jpg 768w, https:\/\/stiftung-urmensch-mauer.de\/wp-content\/uploads\/2024\/07\/Susanne_Schusta_Dante_Aulehla.jpg 960w\" sizes=\"auto, (max-width: 300px) 100vw, 300px\" \/><\/figure>\n\n\n\n<p>Preis\u00fcbergabe an Dante Aulehla mit Frau Susanne Schusta, Gymnasium Englisches Institut Heidelberg <\/p>\n\n\n\n<figure class=\"wp-block-image size-medium\"><img loading=\"lazy\" decoding=\"async\" width=\"197\" height=\"300\" src=\"https:\/\/stiftung-urmensch-mauer.de\/wp-content\/uploads\/2024\/07\/Lisa_Liu_Bunsen-Gymnasium-197x300.jpg\" alt=\"\" class=\"wp-image-788\" srcset=\"https:\/\/stiftung-urmensch-mauer.de\/wp-content\/uploads\/2024\/07\/Lisa_Liu_Bunsen-Gymnasium-197x300.jpg 197w, https:\/\/stiftung-urmensch-mauer.de\/wp-content\/uploads\/2024\/07\/Lisa_Liu_Bunsen-Gymnasium-674x1024.jpg 674w, https:\/\/stiftung-urmensch-mauer.de\/wp-content\/uploads\/2024\/07\/Lisa_Liu_Bunsen-Gymnasium-768x1167.jpg 768w, https:\/\/stiftung-urmensch-mauer.de\/wp-content\/uploads\/2024\/07\/Lisa_Liu_Bunsen-Gymnasium.jpg 907w\" sizes=\"auto, (max-width: 197px) 100vw, 197px\" \/><\/figure>\n\n\n\n<p>Preistr\u00e4gerin Lisa Liu vom Bunsen-Gymnasium<\/p>\n\n\n\n<p>Wir gratulieren allen Preistr\u00e4gern herzlich!<\/p>\n\n\n\n<p><strong>Die Preistr\u00e4ger sind:<\/strong><\/p>\n\n\n\n<ul class=\"wp-block-list\">\n<li>Luisa Lutz, Gymnasium der St. Raphael Schulen Heidelberg<\/li>\n\n\n\n<li>Melissa Lindner, Friedrich-Ebert-Gymnasium Sandhausen<\/li>\n\n\n\n<li>Marlene Ehlermann, Kurpfalz-Gymnasium Schriesheim<\/li>\n\n\n\n<li>Fabienne Schell, Wilhelmi-Gymnasium Sinsheim<\/li>\n\n\n\n<li>Carla N\u00fcrk, H\u00f6lderlin-Gymnasium Heidelberg<\/li>\n\n\n\n<li>Lisa Liu, Bunsen-Gymnasium Heidelberg<\/li>\n\n\n\n<li>Leni Seegers, Gymnasium Bammental<\/li>\n\n\n\n<li>Sophie Hotz, Adolf-Schmitthenner-Gymnasium Neckarbischofsheim<\/li>\n\n\n\n<li>Gabriele Staudt, Max-Born-Gymnasium Neckargem\u00fcnd<\/li>\n\n\n\n<li>Evelyn Huperz, Privatgymnasium Schwetzingen<\/li>\n\n\n\n<li>Marleen Haas, Carl-Friedrich-Gau\u00df-Gymnasium Hockenheim<\/li>\n\n\n\n<li>Quentin H\u00e4u\u00dfermann, Helmholtz-Gymnasium Heidelberg<\/li>\n\n\n\n<li>Tamar Balko, Elisabeth-von-Thadden-Schule Heidelberg<\/li>\n\n\n\n<li>Dante Aulehla, Gymnasium Englisches Institut Heidelberg<\/li>\n\n\n\n<li>Vincent Kaufmann, Heidelberg College<\/li>\n\n\n\n<li>Lola Wocher, Heidelberg College<\/li>\n\n\n\n<li>Isabel Haase, Gymnasium Walldorf<\/li>\n\n\n\n<li>Fee Reithmann, Kurf\u00fcrst-Friedrich-Gymnasium Heidelberg<\/li>\n<\/ul>\n\n\n\n<p><strong>Wir bedanken uns herzlich bei unseren Unterst\u00fctzern:<\/strong><\/p>\n\n\n\n<ul class=\"wp-block-list\">\n<li><a rel=\"noreferrer noopener\" href=\"https:\/\/www.museumspass.com\/de\" target=\"_blank\">MUSEUMS-PASS-MUS\u00c9E, Basel<\/a><\/li>\n\n\n\n<li><a href=\"http:\/\/www.homoheidelbergensis.de\/\" target=\"_blank\" rel=\"noreferrer noopener\">Verein <em>Homo heidelbergensis<\/em> von Mauer e.V.<\/a><\/li>\n<\/ul>\n","protected":false},"excerpt":{"rendered":"<p>Preis\u00fcbergabe an Dante Aulehla mit Frau Susanne Schusta, Gymnasium Englisches Institut Heidelberg Preistr\u00e4gerin Lisa Liu vom Bunsen-Gymnasium Wir gratulieren allen Preistr\u00e4gern herzlich! Die Preistr\u00e4ger sind: Wir bedanken uns herzlich bei unseren Unterst\u00fctzern:<\/p>\n","protected":false},"author":1,"featured_media":0,"parent":177,"menu_order":0,"comment_status":"closed","ping_status":"closed","template":"","meta":{"footnotes":""},"class_list":["post-789","page","type-page","status-publish"],"_links":{"self":[{"href":"https:\/\/stiftung-urmensch-mauer.de\/index.php?rest_route=\/wp\/v2\/pages\/789","targetHints":{"allow":["GET"]}}],"collection":[{"href":"https:\/\/stiftung-urmensch-mauer.de\/index.php?rest_route=\/wp\/v2\/pages"}],"about":[{"href":"https:\/\/stiftung-urmensch-mauer.de\/index.php?rest_route=\/wp\/v2\/types\/page"}],"author":[{"embeddable":true,"href":"https:\/\/stiftung-urmensch-mauer.de\/index.php?rest_route=\/wp\/v2\/users\/1"}],"replies":[{"embeddable":true,"href":"https:\/\/stiftung-urmensch-mauer.de\/index.php?rest_route=%2Fwp%2Fv2%2Fcomments&post=789"}],"version-history":[{"count":1,"href":"https:\/\/stiftung-urmensch-mauer.de\/index.php?rest_route=\/wp\/v2\/pages\/789\/revisions"}],"predecessor-version":[{"id":790,"href":"https:\/\/stiftung-urmensch-mauer.de\/index.php?rest_route=\/wp\/v2\/pages\/789\/revisions\/790"}],"up":[{"embeddable":true,"href":"https:\/\/stiftung-urmensch-mauer.de\/index.php?rest_route=\/wp\/v2\/pages\/177"}],"wp:attachment":[{"href":"https:\/\/stiftung-urmensch-mauer.de\/index.php?rest_route=%2Fwp%2Fv2%2Fmedia&parent=789"}],"curies":[{"name":"wp","href":"https:\/\/api.w.org\/{rel}","templated":true}]}}